 of 3?
True
Does 307 divide 11973?
True
Is 206566 a multiple of 13?
False
Is 117 a factor of 40501?
False
Does 52 divide 476361?
False
Is 1640 a multiple of 164?
True
Does 9 divide 305996?
False
Is 1559 a factor of 7350685?
True
Does 12 divide 9798324?
True
Does 20 divide 35957?
False
Is 440 a factor of 1602920?
True
Is 34 a factor of 70006?
True
Does 84 divide 7980?
True
Is 459504 a multiple of 118?
False
Is 440 a factor of 241733?
False
Does 12 divide 74168?
False
Does 183 divide 1389885?
True
Is 23 a factor of 3472776?
False
Is 129 a factor of 555216?
True
Does 8 divide 212272?
True
Is 3029055 a multiple of 15?
True
Is 8 a factor of 72960?
True
Is 127156 a multiple of 383?
True
Is 12 a factor of 66284?
False
Is 2064507 a multiple of 31?
True
Is 167577 a multiple of 249?
True
Does 2 divide 96783?
False
Does 10 divide 138210?
True
Does 38 divide 7493714?
True
Is 11 a factor of 1674122?
False
Is 117 a factor of 253124?
False
Is 15732 a multiple of 228?
True
Is 20 a factor of 182520?
True
Is 24 a factor of 508224?
True
Is 377240 a multiple of 17?
False
Is 101 a factor of 679371?
False
Does 13 divide 8365238?
False
Is 90 a factor of 46440?
True
Is 232004 a multiple of 62?
True
Is 685 a factor of 980031?
False
Does 366 divide 17422?
False
Is 156944 a multiple of 127?
False
Is 30 a factor of 28603?
False
Does 7 divide 346857?
True
Does 416 divide 887394?
False
Is 60 a factor of 46140?
True
Is 850 a factor of 5035765?
False
Is 102 a factor of 282594?
False
Is 668160 a multiple of 360?
True
Is 7913744 a multiple of 8?
True
Is 4064917 a multiple of 1056?
False
Is 509734 a multiple of 528?
False
Does 8 divide 16029552?
True
Does 9 divide 106065?
True
Is 5 a factor of 2420120?
True
Is 200 a factor of 1658257?
False
Is 14 a factor of 4646460?
True
Is 38 a factor of 90212?
True
Does 15 divide 14220?
True
Is 108 a factor of 70200?
True
Does 149 divide 4308039?
False
Does 239 divide 1064506?
True
Is 26514930 a multiple of 518?
False
Is 784709 a multiple of 29?
False
Is 2857146 a multiple of 186?
True
Is 97806 a multiple of 10?
False
Is 92 a factor of 1396008?
True
Is 466 a factor of 221845?
False
Does 749 divide 5346048?
False
Is 354850 a multiple of 470?
True
Does 58 divide 2762946?
True
Is 40355 a multiple of 357?
False
Does 12 divide 137040?
True
Is 62 a factor of 148304?
True
Is 3 a factor of 13971?
True
Is 48 a factor of 3170544?
True
Is 541 a factor of 521524?
True
Does 1288 divide 3948804?
False
Is 1007 a factor of 3394545?
False
Is 35801 a multiple of 19?
False
Is 288118 a multiple of 142?
True
Is 505 a factor of 591860?
True
Is 33 a factor of 736362?
True
Is 36 a factor of 3289507?
False
Is 37121 a multiple of 21?
False
Is 3 a factor of 14697?
True
Does 22 divide 431673?
False
Is 247 a factor of 4330404?
True
Does 581 divide 842450?
True
Does 8 divide 1796533?
False
Does 4 divide 201016?
True
Is 73296 a multiple of 48?
True
Is 7431115 a multiple of 5?
True
Is 108 a factor of 1742904?
True
Is 2189229 a multiple of 3?
True
Is 8365956 a multiple of 6?
True
Is 26 a factor of 15695?
False
Is 138492 a multiple of 12?
True
Does 213 divide 1403107?
False
Does 30 divide 1539508?
False
Is 628020 a multiple of 20?
True
Does 94 divide 1192108?
True
Does 69 divide 2902125?
False
Is 38 a factor of 95836?
True
Does 174 divide 372662?
False
Does 8 divide 1851968?
True
Does 2 divide 213303?
False
Is 605 a factor of 1885797?
False
Is 4 a factor of 6352?
True
Does 193 divide 1527310?
False
Does 47 divide 7941684?
True
Is 5137037 a multiple of 5?
False
Does 77 divide 17042?
False
Is 180258 a multiple of 55?
False
Does 4 divide 27824?
True
Does 9 divide 459010?
False
Is 22 a factor of 346676?
True
Is 226 a factor of 357355?
False
Is 154 a factor of 2900436?
True
Is 38859 a multiple of 229?
False
Is 132 a factor of 2605020?
True
Does 43 divide 155789?
True
Is 75 a factor of 636375?
True
Is 15769000 a multiple of 250?
True
Is 10955636 a multiple of 17?
False
Does 19 divide 1226944?
True
Does 14 divide 1204932?
False
Does 49 divide 9761739?
False
Is 424080 a multiple of 240?
True
Is 3879201 a multiple of 365?
False
Does 19 divide 801542?
False
Does 20 divide 32945?
False
Is 62 a factor of 3557746?
True
Does 4 divide 276383?
False
Is 2151 a factor of 16607871?
True
Does 8 divide 425959?
False
Is 117563 a multiple of 16?
False
Is 499 a factor of 1921150?
True
Does 446 divide 662310?
True
Does 17 divide 455549?
True
Is 475830 a multiple of 255?
True
Is 3590839 a multiple of 5?
False
Is 15 a factor of 46380?
True
Is 11964350 a multiple of 25?
True
Is 6 a factor of 197405?
False
Does 24 divide 3451056?
True
Does 898 divide 20345444?
False
Does 581 divide 29664117?
True
Is 49665 a multiple of 7?
True
Is 245 a factor of 10932625?
False
Does 29 divide 2920918?
False
Is 35 a factor of 66990?
True
Is 2229411 even?
False
Does 66 divide 84612?
True
Is 2 a factor of 1089?
False
Is 164127 a multiple of 658?
False
Is 14 a factor of 159586?
True
Is 10 a factor of 5600150?
True
Is 61776 a multiple of 216?
True
Is 692184 a multiple of 37?
False
Is 876 a factor of 997266?
False
Is 138 a factor of 476536?
False
Is 4651625 a multiple of 11?
True
Does 1099 divide 2375284?
False
Is 2439934 a multiple of 37?
False
Does 14 divide 280249?
False
Is 483603 a multiple of 16?
False
Is 219 a factor of 3355518?
True
Is 127395 a multiple of 149?
True
Is 11 a factor of 5298448?
False
Is 2522030 a multiple of 16?
False
Is 93321 a multiple of 100?
False
Is 108 a factor of 87245?
False
Is 157628 a multiple of 138?
False
Does 59 divide 8024?
True
Is 91 a factor of 2968056?
True
Is 701821 a multiple of 269?
True
Is 115 a factor of 9374225?
True
Does 77 divide 1017655?
False
Is 15 a factor of 363250?
False
Does 32 divide 1145568?
True
Does 22 divide 10779604?
True
Is 31400 a multiple of 157?
True
Does 353 divide 193911?
False
Does 19 divide 17043?
True
Is 2861820 a multiple of 390?
True
Is 25997359 a multiple of 1897?
False
Is 12692 even?
True
Does 14 divide 39726?
False
Is 49061 a multiple of 71?
True
Is 252 a factor of 6111?
False
Is 71532 a multiple of 27?
False
Is 1606800 a multiple of 75?
True
Is 100 a factor of 73654?
False
Is 163 a factor of 26070?
False
Does 10 divide 134340?
True
Is 1367120 a multiple of 80?
True
Does 38 divide 19525639?
False
Is 30177 a multiple of 289?
False
Does 47 divide 7035507?
False
Is 49 a factor of 1453363?
False
Is 161952 a multiple of 96?
True
Is 4222584 a multiple of 1356?
True
Is 12560592 a multiple of 22?
True
Is 4402062 a multiple of 46?
True
Is 280 a factor of 59606?
False
Is 489636 a multiple of 87?
True
Is 765900 a multiple of 36?
True
Is 5358789 a multiple of 549?
True
Is 1505904 a multiple of 506?
False
Is 16 a factor of 2355435?
False
Is 393343 a multiple of 3?
False
Does 33 divide 904303?
False
Does 585 divide 2957760?
True
Is 98433 a multiple of 9?
True
Is 119793 a multiple of 5?
False
Is 1295 a factor of 1334861?
False
Is 292029 a multiple of 311?
True
Does 13 divide 1190247?
False
Is 126940 a multiple of 4?
True
Is 27 a factor of 814862?
False
Does 7 divide 44305?
False
Is 25 a factor of 1435050?
True
Is 7476677 a multiple of 72?
False
Does 194 divide 761450?
True
Is 11 a factor of 8929?
False
Does 553 divide 5321242?
False
Is 13 a factor of 3146162?
False
Is 280 a factor of 12998160?
True
Is 10 a factor of 92777?
False
Does 109 divide 5885346?
True
Is 4166526 a multiple of 1174?
True
Is 20 a factor of 618085?
False
Is 1452125 a multiple of 81?
False
Does 5 divide 214945?
True
Is 1202538 a multiple of 177?
True
Is 332 a factor of 469609?
False
Is 166798 a multiple of 47?
False
Is 1834741 a multiple of 962?
False
Does 1102 divide 8679352?
True
Is 27 a factor of 1351296?
True
Is 6242230 a multiple of 31?
False
Does 18 divide 2550510?
True
Is 937301 a multiple of 47?
False
Is 586080 a multiple of 55?
True
Does 25 divide 4007550?
True
Is 115328 a multiple of 32?
True
Is 1282710 a multiple of 78?
True
Is 1716008 a multiple of 3?
False
Is 341160 a multiple of 12?
True
Is 399 a factor of 2490558?
True
Is 652256 a multiple of 17?
True
Is 27 a factor of 433974?
False
Is 208 a factor of 524847?
False
Does 4 divide 165108?
True
Is 19 a factor of 224713?
True
Does 73 divide 489319?
True
Is 15 a factor of 13095?
True
Is 415978 a multiple of 6?
False
Is 70 a factor of 